{"id":1006,"date":"2019-05-24T10:56:24","date_gmt":"2019-05-24T08:56:24","guid":{"rendered":"https:\/\/www.philix.be\/luss\/?page_id=1006"},"modified":"2019-08-08T11:13:46","modified_gmt":"2019-08-08T09:13:46","slug":"utilisateurs","status":"publish","type":"page","link":"https:\/\/www.philix.be\/luss\/cours-administrateurs\/les-taches-de-ladministrateur\/utilisateurs\/","title":{"rendered":"Utilisateurs : gestion des r\u00f4les, ajout, suppression, modification."},"content":{"rendered":"\t\t<div data-elementor-type=\"wp-post\" data-elementor-id=\"1006\" class=\"elementor elementor-1006\">\n\t\t\t\t\t\t<section class=\"elementor-section elementor-top-section elementor-element elementor-element-8d3a03c elementor-section-boxed elementor-section-height-default elementor-section-height-default\" data-id=\"8d3a03c\" data-element_type=\"section\" data-e-type=\"section\">\n\t\t\t\t\t\t<div class=\"elementor-container elementor-column-gap-default\">\n\t\t\t\t\t<div class=\"elementor-column elementor-col-100 elementor-top-column elementor-element elementor-element-c695a8d\" data-id=\"c695a8d\" data-element_type=\"column\" data-e-type=\"column\">\n\t\t\t<div class=\"elementor-widget-wrap elementor-element-populated\">\n\t\t\t\t\t\t<div class=\"elementor-element elementor-element-bb341ca elementor-widget elementor-widget-heading\" data-id=\"bb341ca\" data-element_type=\"widget\" data-e-type=\"widget\" data-widget_type=\"heading.default\">\n\t\t\t\t<div class=\"elementor-widget-container\">\n\t\t\t\t\t<h3 class=\"elementor-heading-title elementor-size-default\">Maintenance de vos utilisateurs<\/h3>\t\t\t\t<\/div>\n\t\t\t\t<\/div>\n\t\t\t\t<div class=\"elementor-element elementor-element-0800919 elementor-widget elementor-widget-text-editor\" data-id=\"0800919\" data-element_type=\"widget\" data-e-type=\"widget\" data-widget_type=\"text-editor.default\">\n\t\t\t\t<div class=\"elementor-widget-container\">\n\t\t\t\t\t\t\t\t\t<p>Classiquement, c&rsquo;est ici que vous faites le suivi de vos utilisateurs.<\/p>\t\t\t\t\t\t\t\t<\/div>\n\t\t\t\t<\/div>\n\t\t\t\t\t<\/div>\n\t\t<\/div>\n\t\t\t\t\t<\/div>\n\t\t<\/section>\n\t\t\t\t<section class=\"elementor-section elementor-top-section elementor-element elementor-element-d6c4c27 elementor-section-boxed elementor-section-height-default elementor-section-height-default\" data-id=\"d6c4c27\" data-element_type=\"section\" data-e-type=\"section\">\n\t\t\t\t\t\t<div class=\"elementor-container elementor-column-gap-default\">\n\t\t\t\t\t<div class=\"elementor-column elementor-col-33 elementor-top-column elementor-element elementor-element-ed241ec\" data-id=\"ed241ec\" data-element_type=\"column\" data-e-type=\"column\">\n\t\t\t<div class=\"elementor-widget-wrap elementor-element-populated\">\n\t\t\t\t\t\t<div class=\"elementor-element elementor-element-7f90dba elementor-widget elementor-widget-image\" data-id=\"7f90dba\" data-element_type=\"widget\" data-e-type=\"widget\" data-widget_type=\"image.default\">\n\t\t\t\t<div class=\"elementor-widget-container\">\n\t\t\t\t\t\t\t\t\t\t\t\t\t\t\t<img decoding=\"async\" width=\"145\" height=\"134\" src=\"https:\/\/www.philix.be\/luss\/wp-content\/uploads\/sites\/3\/2019\/05\/AdminUtilisateurs.png\" class=\"attachment-large size-large wp-image-1028\" alt=\"Utilisateurs\" \/>\t\t\t\t\t\t\t\t\t\t\t\t\t\t\t<\/div>\n\t\t\t\t<\/div>\n\t\t\t\t\t<\/div>\n\t\t<\/div>\n\t\t\t\t<div class=\"elementor-column elementor-col-66 elementor-top-column elementor-element elementor-element-05a5cd3\" data-id=\"05a5cd3\" data-element_type=\"column\" data-e-type=\"column\">\n\t\t\t<div class=\"elementor-widget-wrap elementor-element-populated\">\n\t\t\t\t\t\t<div class=\"elementor-element elementor-element-eda23c4 elementor-widget elementor-widget-text-editor\" data-id=\"eda23c4\" data-element_type=\"widget\" data-e-type=\"widget\" data-widget_type=\"text-editor.default\">\n\t\t\t\t<div class=\"elementor-widget-container\">\n\t\t\t\t\t\t\t\t\t<p>En tant qu&rsquo;administrateur, c&rsquo;est vous qui en avez la gestion.<\/p><p>Nous faisons l&rsquo;impasse ici sur le plugin <strong>Paid Member Subscriptions<\/strong> qui permet l&rsquo;inscription sur le site. Nous verrons cela dans le cadre de l&rsquo;administration des plugins.<\/p>\t\t\t\t\t\t\t\t<\/div>\n\t\t\t\t<\/div>\n\t\t\t\t\t<\/div>\n\t\t<\/div>\n\t\t\t\t\t<\/div>\n\t\t<\/section>\n\t\t\t\t<section class=\"elementor-section elementor-top-section elementor-element elementor-element-84bab75 elementor-section-boxed elementor-section-height-default elementor-section-height-default\" data-id=\"84bab75\" data-element_type=\"section\" data-e-type=\"section\">\n\t\t\t\t\t\t<div class=\"elementor-container elementor-column-gap-default\">\n\t\t\t\t\t<div class=\"elementor-column elementor-col-100 elementor-top-column elementor-element elementor-element-181a111\" data-id=\"181a111\" data-element_type=\"column\" data-e-type=\"column\">\n\t\t\t<div class=\"elementor-widget-wrap elementor-element-populated\">\n\t\t\t\t\t\t<div class=\"elementor-element elementor-element-cfd09f3 elementor-widget elementor-widget-text-editor\" data-id=\"cfd09f3\" data-element_type=\"widget\" data-e-type=\"widget\" data-widget_type=\"text-editor.default\">\n\t\t\t\t<div class=\"elementor-widget-container\">\n\t\t\t\t\t\t\t\t\t<p>En premier lieu, l&rsquo;option \u00ab\u00a0<strong>Tous les utilisateurs<\/strong>\u00a0\u00bb permet de les visionner sous forme d&rsquo;un tableau.<\/p><p><img fetchpriority=\"high\" decoding=\"async\" src=\"https:\/\/www.philix.be\/luss\/wp-content\/uploads\/sites\/3\/2019\/05\/AdminUtilisateursListe.png\" alt=\"\" width=\"979\" height=\"623\" \/><\/p><p><strong>Modification du r\u00f4le :<\/strong> <br \/>On s\u00e9lectionne l&rsquo;utilisateur via la case \u00e0 cocher. On choisit ensuite le r\u00f4le dans la liste d\u00e9roulante situ\u00e9e au-dessus de la liste. Enfin, on valide en cliquant sur \u00ab\u00a0<strong>Changer<\/strong>\u00ab\u00a0.<br \/><img decoding=\"async\" src=\"https:\/\/www.philix.be\/luss\/wp-content\/uploads\/sites\/3\/2019\/05\/AdminUtilisateursListeChRole.png\" alt=\"Changer le r\u00f4le\" width=\"979\" height=\"623\" \/><\/p><p><strong>Retirer<\/strong>\u00a0(supprimer) l&rsquo;utilisateur ou <strong>Afficher <\/strong>ses caract\u00e9ristiques (son profil)<strong>\u00a0:<br \/><\/strong>Pour chaque utilisateur, on obtient ces possibilit\u00e9s (les liens apparaissent) au survol de la souris.<br \/><img loading=\"lazy\" decoding=\"async\" src=\"https:\/\/www.philix.be\/luss\/wp-content\/uploads\/sites\/3\/2019\/05\/AdminUtilisateursListeSelect.png\" alt=\"Select\" width=\"977\" height=\"614\" \/><\/p><p>Important, vous pouvez \u00e9galement ajouter un utilisateur manuellement via le bouton \u00ab\u00a0<strong>Ajouter<\/strong>\u00a0\u00bb situ\u00e9 en haut et \u00e0 gauche de l&rsquo;\u00e9cran ou via le sous-menu \u00ab\u00a0<b>Ajouter<\/b>\u00a0\u00bb dans la partie gauche de l&rsquo;\u00e9cran.<\/p><p>Pour terminer, dernier sous-menu, vous pouvez voir \u00ab\u00a0<b>Votre profil<\/b>\u00ab\u00a0.<\/p><p>Voil\u00e0, c&rsquo;est un bref aper\u00e7u mais qui devrait \u00eatre suffisant. En effet, gr\u00e2ce au plugin<span style=\"font-family: Roboto, sans-serif; font-size: 16px; font-style: normal; font-weight: 400;\">\u00a0<\/span><strong style=\"font-family: Roboto, sans-serif; font-size: 16px; font-style: normal;\">Paid Member Subscriptions<\/strong>, il devrait y avoir peu d&rsquo;intervention de la part de l&rsquo;administrateur dans cet \u00e9cran administratif.<\/p><p>Un conseil toutefois : veillez \u00e0 toujours avoir au moins deux personnes avec le r\u00f4le d&rsquo;<b>Administrateur<\/b>. <br \/>C&rsquo;est une question de survie de votre site en cas de malheureuse indisponibilit\u00e9 &#8230;<\/p>\t\t\t\t\t\t\t\t<\/div>\n\t\t\t\t<\/div>\n\t\t\t\t\t<\/div>\n\t\t<\/div>\n\t\t\t\t\t<\/div>\n\t\t<\/section>\n\t\t\t\t<section class=\"elementor-section elementor-top-section elementor-element elementor-element-a40b2c8 elementor-section-boxed elementor-section-height-default elementor-section-height-default\" data-id=\"a40b2c8\" data-element_type=\"section\" data-e-type=\"section\">\n\t\t\t\t\t\t<div class=\"elementor-container elementor-column-gap-default\">\n\t\t\t\t\t<div class=\"elementor-column elementor-col-100 elementor-top-column elementor-element elementor-element-5b068b1\" data-id=\"5b068b1\" data-element_type=\"column\" data-e-type=\"column\">\n\t\t\t<div class=\"elementor-widget-wrap elementor-element-populated\">\n\t\t\t\t\t\t<div class=\"elementor-element elementor-element-fb0e638 elementor-widget-divider--view-line elementor-widget elementor-widget-divider\" data-id=\"fb0e638\" data-element_type=\"widget\" data-e-type=\"widget\" data-widget_type=\"divider.default\">\n\t\t\t\t<div class=\"elementor-widget-container\">\n\t\t\t\t\t\t\t<div class=\"elementor-divider\">\n\t\t\t<span class=\"elementor-divider-separator\">\n\t\t\t\t\t\t<\/span>\n\t\t<\/div>\n\t\t\t\t\t\t<\/div>\n\t\t\t\t<\/div>\n\t\t\t\t\t<\/div>\n\t\t<\/div>\n\t\t\t\t\t<\/div>\n\t\t<\/section>\n\t\t\t\t<section class=\"elementor-section elementor-top-section elementor-element elementor-element-2efde7c elementor-section-boxed elementor-section-height-default elementor-section-height-default\" data-id=\"2efde7c\" data-element_type=\"section\" data-e-type=\"section\">\n\t\t\t\t\t\t<div class=\"elementor-container elementor-column-gap-default\">\n\t\t\t\t\t<div class=\"elementor-column elementor-col-100 elementor-top-column elementor-element elementor-element-5916c57\" data-id=\"5916c57\" data-element_type=\"column\" data-e-type=\"column\">\n\t\t\t<div class=\"elementor-widget-wrap elementor-element-populated\">\n\t\t\t\t\t\t<div class=\"elementor-element elementor-element-1ff55ed elementor-widget elementor-widget-text-editor\" data-id=\"1ff55ed\" data-element_type=\"widget\" data-e-type=\"widget\" data-widget_type=\"text-editor.default\">\n\t\t\t\t<div class=\"elementor-widget-container\">\n\t\t\t\t\t\t\t\t\t<p>Sur le m\u00eame sujet, si vous en voulez un peu plus, <a href=\"https:\/\/wpmarmite.com\/gestion-utilisateurs-wordpress\/\" target=\"_blank\" rel=\"noopener\">c&rsquo;est ici !<\/a><\/p>\t\t\t\t\t\t\t\t<\/div>\n\t\t\t\t<\/div>\n\t\t\t\t\t<\/div>\n\t\t<\/div>\n\t\t\t\t\t<\/div>\n\t\t<\/section>\n\t\t\t\t<section class=\"elementor-section elementor-top-section elementor-element elementor-element-8c57392 elementor-section-boxed elementor-section-height-default elementor-section-height-default\" data-id=\"8c57392\" data-element_type=\"section\" data-e-type=\"section\">\n\t\t\t\t\t\t<div class=\"elementor-container elementor-column-gap-default\">\n\t\t\t\t\t<div class=\"elementor-column elementor-col-100 elementor-top-column elementor-element elementor-element-747698e\" data-id=\"747698e\" data-element_type=\"column\" data-e-type=\"column\">\n\t\t\t<div class=\"elementor-widget-wrap elementor-element-populated\">\n\t\t\t\t\t\t<div class=\"elementor-element elementor-element-974f88d elementor-widget-divider--view-line elementor-widget elementor-widget-divider\" data-id=\"974f88d\" data-element_type=\"widget\" data-e-type=\"widget\" data-widget_type=\"divider.default\">\n\t\t\t\t<div class=\"elementor-widget-container\">\n\t\t\t\t\t\t\t<div class=\"elementor-divider\">\n\t\t\t<span class=\"elementor-divider-separator\">\n\t\t\t\t\t\t<\/span>\n\t\t<\/div>\n\t\t\t\t\t\t<\/div>\n\t\t\t\t<\/div>\n\t\t\t\t\t<\/div>\n\t\t<\/div>\n\t\t\t\t\t<\/div>\n\t\t<\/section>\n\t\t\t\t<section class=\"elementor-section elementor-inner-section elementor-element elementor-element-35dc0cbd elementor-section-boxed elementor-section-height-default elementor-section-height-default\" data-id=\"35dc0cbd\" data-element_type=\"section\" data-e-type=\"section\">\n\t\t\t\t\t\t<div class=\"elementor-container elementor-column-gap-default\">\n\t\t\t\t\t<div class=\"elementor-column elementor-col-50 elementor-inner-column elementor-element elementor-element-40f5aa57\" data-id=\"40f5aa57\" data-element_type=\"column\" data-e-type=\"column\">\n\t\t\t<div class=\"elementor-widget-wrap elementor-element-populated\">\n\t\t\t\t\t\t<div class=\"elementor-element elementor-element-3d03cf28 elementor-widget elementor-widget-text-editor\" data-id=\"3d03cf28\" data-element_type=\"widget\" data-e-type=\"widget\" data-widget_type=\"text-editor.default\">\n\t\t\t\t<div class=\"elementor-widget-container\">\n\t\t\t\t\t\t\t\t\t<p><a href=\"\/luss\/les-taches-de-ladministrateur\/reglages\/\">\u21d0 R\u00e9glages<\/a><\/p>\t\t\t\t\t\t\t\t<\/div>\n\t\t\t\t<\/div>\n\t\t\t\t\t<\/div>\n\t\t<\/div>\n\t\t\t\t<div class=\"elementor-column elementor-col-50 elementor-inner-column elementor-element elementor-element-42009621\" data-id=\"42009621\" data-element_type=\"column\" data-e-type=\"column\">\n\t\t\t<div class=\"elementor-widget-wrap elementor-element-populated\">\n\t\t\t\t\t\t<div class=\"elementor-element elementor-element-11670c6f elementor-widget elementor-widget-text-editor\" data-id=\"11670c6f\" data-element_type=\"widget\" data-e-type=\"widget\" data-widget_type=\"text-editor.default\">\n\t\t\t\t<div class=\"elementor-widget-container\">\n\t\t\t\t\t\t\t\t\t<p style=\"text-align: right;\"><a href=\"https:\/\/www.philix.be\/luss\/les-taches-de-ladministrateur\/outils\/\">Outils \u21d2\u200b<\/a><\/p>\t\t\t\t\t\t\t\t<\/div>\n\t\t\t\t<\/div>\n\t\t\t\t\t<\/div>\n\t\t<\/div>\n\t\t\t\t\t<\/div>\n\t\t<\/section>\n\t\t\t\t<\/div>\n\t\t","protected":false},"excerpt":{"rendered":"<p>Maintenance de vos utilisateurs Classiquement, c&rsquo;est ici que vous faites le suivi de vos utilisateurs. En tant qu&rsquo;administrateur, c&rsquo;est vous qui en avez la gestion. Nous faisons l&rsquo;impasse ici sur le plugin Paid Member Subscriptions qui permet l&rsquo;inscription sur le<\/p>\n","protected":false},"author":1,"featured_media":0,"parent":841,"menu_order":0,"comment_status":"closed","ping_status":"closed","template":"","meta":{"footnotes":""},"class_list":["post-1006","page","type-page","status-publish","hentry"],"yoast_head":"<!-- This site is optimized with the Yoast SEO plugin v27.5 - https:\/\/yoast.com\/product\/yoast-seo-wordpress\/ -->\n<title>Utilisateurs : gestion des r\u00f4les, ajout, suppression, modification. - WPLUSS<\/title>\n<meta name=\"description\" content=\"La gestion des utilisateurs dans la partie administration de WordPress. Examen des diff\u00e9rentes options : ajout, modifications, r\u00f4les, etc.\" \/>\n<meta name=\"robots\" content=\"index, follow, max-snippet:-1, max-image-preview:large, max-video-preview:-1\" \/>\n<link rel=\"canonical\" href=\"https:\/\/www.philix.be\/luss\/cours-administrateurs\/les-taches-de-ladministrateur\/utilisateurs\/\" \/>\n<meta property=\"og:locale\" content=\"fr_FR\" \/>\n<meta property=\"og:type\" content=\"article\" \/>\n<meta property=\"og:title\" content=\"Utilisateurs : gestion des r\u00f4les, ajout, suppression, modification. - WPLUSS\" \/>\n<meta property=\"og:description\" content=\"La gestion des utilisateurs dans la partie administration de WordPress. Examen des diff\u00e9rentes options : ajout, modifications, r\u00f4les, etc.\" \/>\n<meta property=\"og:url\" content=\"https:\/\/www.philix.be\/luss\/cours-administrateurs\/les-taches-de-ladministrateur\/utilisateurs\/\" \/>\n<meta property=\"og:site_name\" content=\"WPLUSS\" \/>\n<meta property=\"article:modified_time\" content=\"2019-08-08T09:13:46+00:00\" \/>\n<meta property=\"og:image\" content=\"https:\/\/www.philix.be\/luss\/wp-content\/uploads\/sites\/3\/2019\/05\/AdminUtilisateurs.png\" \/>\n<meta name=\"twitter:card\" content=\"summary_large_image\" \/>\n<meta name=\"twitter:label1\" content=\"Dur\u00e9e de lecture estim\u00e9e\" \/>\n\t<meta name=\"twitter:data1\" content=\"1 minute\" \/>\n<script type=\"application\/ld+json\" class=\"yoast-schema-graph\">{\"@context\":\"https:\\\/\\\/schema.org\",\"@graph\":[{\"@type\":\"WebPage\",\"@id\":\"https:\\\/\\\/www.philix.be\\\/luss\\\/cours-administrateurs\\\/les-taches-de-ladministrateur\\\/utilisateurs\\\/\",\"url\":\"https:\\\/\\\/www.philix.be\\\/luss\\\/cours-administrateurs\\\/les-taches-de-ladministrateur\\\/utilisateurs\\\/\",\"name\":\"Utilisateurs : gestion des r\u00f4les, ajout, suppression, modification. - WPLUSS\",\"isPartOf\":{\"@id\":\"https:\\\/\\\/www.philix.be\\\/luss\\\/#website\"},\"primaryImageOfPage\":{\"@id\":\"https:\\\/\\\/www.philix.be\\\/luss\\\/cours-administrateurs\\\/les-taches-de-ladministrateur\\\/utilisateurs\\\/#primaryimage\"},\"image\":{\"@id\":\"https:\\\/\\\/www.philix.be\\\/luss\\\/cours-administrateurs\\\/les-taches-de-ladministrateur\\\/utilisateurs\\\/#primaryimage\"},\"thumbnailUrl\":\"https:\\\/\\\/www.philix.be\\\/luss\\\/wp-content\\\/uploads\\\/sites\\\/3\\\/2019\\\/05\\\/AdminUtilisateurs.png\",\"datePublished\":\"2019-05-24T08:56:24+00:00\",\"dateModified\":\"2019-08-08T09:13:46+00:00\",\"description\":\"La gestion des utilisateurs dans la partie administration de WordPress. Examen des diff\u00e9rentes options : ajout, modifications, r\u00f4les, etc.\",\"breadcrumb\":{\"@id\":\"https:\\\/\\\/www.philix.be\\\/luss\\\/cours-administrateurs\\\/les-taches-de-ladministrateur\\\/utilisateurs\\\/#breadcrumb\"},\"inLanguage\":\"fr-FR\",\"potentialAction\":[{\"@type\":\"ReadAction\",\"target\":[\"https:\\\/\\\/www.philix.be\\\/luss\\\/cours-administrateurs\\\/les-taches-de-ladministrateur\\\/utilisateurs\\\/\"]}]},{\"@type\":\"ImageObject\",\"inLanguage\":\"fr-FR\",\"@id\":\"https:\\\/\\\/www.philix.be\\\/luss\\\/cours-administrateurs\\\/les-taches-de-ladministrateur\\\/utilisateurs\\\/#primaryimage\",\"url\":\"https:\\\/\\\/www.philix.be\\\/luss\\\/wp-content\\\/uploads\\\/sites\\\/3\\\/2019\\\/05\\\/AdminUtilisateurs.png\",\"contentUrl\":\"https:\\\/\\\/www.philix.be\\\/luss\\\/wp-content\\\/uploads\\\/sites\\\/3\\\/2019\\\/05\\\/AdminUtilisateurs.png\",\"width\":145,\"height\":134,\"caption\":\"Utilisateurs\"},{\"@type\":\"BreadcrumbList\",\"@id\":\"https:\\\/\\\/www.philix.be\\\/luss\\\/cours-administrateurs\\\/les-taches-de-ladministrateur\\\/utilisateurs\\\/#breadcrumb\",\"itemListElement\":[{\"@type\":\"ListItem\",\"position\":1,\"name\":\"Cours administrateurs\",\"item\":\"https:\\\/\\\/www.philix.be\\\/luss\\\/cours-administrateurs\\\/\"},{\"@type\":\"ListItem\",\"position\":2,\"name\":\"Les t\u00e2ches de l&rsquo;administrateur d&rsquo;un site WordPress\",\"item\":\"https:\\\/\\\/www.philix.be\\\/luss\\\/cours-administrateurs\\\/les-taches-de-ladministrateur\\\/\"},{\"@type\":\"ListItem\",\"position\":3,\"name\":\"Utilisateurs : gestion des r\u00f4les, ajout, suppression, modification.\"}]},{\"@type\":\"WebSite\",\"@id\":\"https:\\\/\\\/www.philix.be\\\/luss\\\/#website\",\"url\":\"https:\\\/\\\/www.philix.be\\\/luss\\\/\",\"name\":\"WPLUSS\",\"description\":\"Les sites de Ph\u00a1l\u00a1x\",\"publisher\":{\"@id\":\"https:\\\/\\\/www.philix.be\\\/luss\\\/#organization\"},\"potentialAction\":[{\"@type\":\"SearchAction\",\"target\":{\"@type\":\"EntryPoint\",\"urlTemplate\":\"https:\\\/\\\/www.philix.be\\\/luss\\\/?s={search_term_string}\"},\"query-input\":{\"@type\":\"PropertyValueSpecification\",\"valueRequired\":true,\"valueName\":\"search_term_string\"}}],\"inLanguage\":\"fr-FR\"},{\"@type\":\"Organization\",\"@id\":\"https:\\\/\\\/www.philix.be\\\/luss\\\/#organization\",\"name\":\"WPLUSS\",\"url\":\"https:\\\/\\\/www.philix.be\\\/luss\\\/\",\"logo\":{\"@type\":\"ImageObject\",\"inLanguage\":\"fr-FR\",\"@id\":\"https:\\\/\\\/www.philix.be\\\/luss\\\/#\\\/schema\\\/logo\\\/image\\\/\",\"url\":\"https:\\\/\\\/www.philix.be\\\/luss\\\/wp-content\\\/uploads\\\/sites\\\/3\\\/2017\\\/03\\\/cropped-wordpress-1415678_960_720-e1489930624872-1.png\",\"contentUrl\":\"https:\\\/\\\/www.philix.be\\\/luss\\\/wp-content\\\/uploads\\\/sites\\\/3\\\/2017\\\/03\\\/cropped-wordpress-1415678_960_720-e1489930624872-1.png\",\"width\":100,\"height\":100,\"caption\":\"WPLUSS\"},\"image\":{\"@id\":\"https:\\\/\\\/www.philix.be\\\/luss\\\/#\\\/schema\\\/logo\\\/image\\\/\"}}]}<\/script>\n<!-- \/ Yoast SEO plugin. -->","yoast_head_json":{"title":"Utilisateurs : gestion des r\u00f4les, ajout, suppression, modification. - WPLUSS","description":"La gestion des utilisateurs dans la partie administration de WordPress. Examen des diff\u00e9rentes options : ajout, modifications, r\u00f4les, etc.","robots":{"index":"index","follow":"follow","max-snippet":"max-snippet:-1","max-image-preview":"max-image-preview:large","max-video-preview":"max-video-preview:-1"},"canonical":"https:\/\/www.philix.be\/luss\/cours-administrateurs\/les-taches-de-ladministrateur\/utilisateurs\/","og_locale":"fr_FR","og_type":"article","og_title":"Utilisateurs : gestion des r\u00f4les, ajout, suppression, modification. - WPLUSS","og_description":"La gestion des utilisateurs dans la partie administration de WordPress. Examen des diff\u00e9rentes options : ajout, modifications, r\u00f4les, etc.","og_url":"https:\/\/www.philix.be\/luss\/cours-administrateurs\/les-taches-de-ladministrateur\/utilisateurs\/","og_site_name":"WPLUSS","article_modified_time":"2019-08-08T09:13:46+00:00","og_image":[{"url":"https:\/\/www.philix.be\/luss\/wp-content\/uploads\/sites\/3\/2019\/05\/AdminUtilisateurs.png","type":"","width":"","height":""}],"twitter_card":"summary_large_image","twitter_misc":{"Dur\u00e9e de lecture estim\u00e9e":"1 minute"},"schema":{"@context":"https:\/\/schema.org","@graph":[{"@type":"WebPage","@id":"https:\/\/www.philix.be\/luss\/cours-administrateurs\/les-taches-de-ladministrateur\/utilisateurs\/","url":"https:\/\/www.philix.be\/luss\/cours-administrateurs\/les-taches-de-ladministrateur\/utilisateurs\/","name":"Utilisateurs : gestion des r\u00f4les, ajout, suppression, modification. - WPLUSS","isPartOf":{"@id":"https:\/\/www.philix.be\/luss\/#website"},"primaryImageOfPage":{"@id":"https:\/\/www.philix.be\/luss\/cours-administrateurs\/les-taches-de-ladministrateur\/utilisateurs\/#primaryimage"},"image":{"@id":"https:\/\/www.philix.be\/luss\/cours-administrateurs\/les-taches-de-ladministrateur\/utilisateurs\/#primaryimage"},"thumbnailUrl":"https:\/\/www.philix.be\/luss\/wp-content\/uploads\/sites\/3\/2019\/05\/AdminUtilisateurs.png","datePublished":"2019-05-24T08:56:24+00:00","dateModified":"2019-08-08T09:13:46+00:00","description":"La gestion des utilisateurs dans la partie administration de WordPress. Examen des diff\u00e9rentes options : ajout, modifications, r\u00f4les, etc.","breadcrumb":{"@id":"https:\/\/www.philix.be\/luss\/cours-administrateurs\/les-taches-de-ladministrateur\/utilisateurs\/#breadcrumb"},"inLanguage":"fr-FR","potentialAction":[{"@type":"ReadAction","target":["https:\/\/www.philix.be\/luss\/cours-administrateurs\/les-taches-de-ladministrateur\/utilisateurs\/"]}]},{"@type":"ImageObject","inLanguage":"fr-FR","@id":"https:\/\/www.philix.be\/luss\/cours-administrateurs\/les-taches-de-ladministrateur\/utilisateurs\/#primaryimage","url":"https:\/\/www.philix.be\/luss\/wp-content\/uploads\/sites\/3\/2019\/05\/AdminUtilisateurs.png","contentUrl":"https:\/\/www.philix.be\/luss\/wp-content\/uploads\/sites\/3\/2019\/05\/AdminUtilisateurs.png","width":145,"height":134,"caption":"Utilisateurs"},{"@type":"BreadcrumbList","@id":"https:\/\/www.philix.be\/luss\/cours-administrateurs\/les-taches-de-ladministrateur\/utilisateurs\/#breadcrumb","itemListElement":[{"@type":"ListItem","position":1,"name":"Cours administrateurs","item":"https:\/\/www.philix.be\/luss\/cours-administrateurs\/"},{"@type":"ListItem","position":2,"name":"Les t\u00e2ches de l&rsquo;administrateur d&rsquo;un site WordPress","item":"https:\/\/www.philix.be\/luss\/cours-administrateurs\/les-taches-de-ladministrateur\/"},{"@type":"ListItem","position":3,"name":"Utilisateurs : gestion des r\u00f4les, ajout, suppression, modification."}]},{"@type":"WebSite","@id":"https:\/\/www.philix.be\/luss\/#website","url":"https:\/\/www.philix.be\/luss\/","name":"WPLUSS","description":"Les sites de Ph\u00a1l\u00a1x","publisher":{"@id":"https:\/\/www.philix.be\/luss\/#organization"},"potentialAction":[{"@type":"SearchAction","target":{"@type":"EntryPoint","urlTemplate":"https:\/\/www.philix.be\/luss\/?s={search_term_string}"},"query-input":{"@type":"PropertyValueSpecification","valueRequired":true,"valueName":"search_term_string"}}],"inLanguage":"fr-FR"},{"@type":"Organization","@id":"https:\/\/www.philix.be\/luss\/#organization","name":"WPLUSS","url":"https:\/\/www.philix.be\/luss\/","logo":{"@type":"ImageObject","inLanguage":"fr-FR","@id":"https:\/\/www.philix.be\/luss\/#\/schema\/logo\/image\/","url":"https:\/\/www.philix.be\/luss\/wp-content\/uploads\/sites\/3\/2017\/03\/cropped-wordpress-1415678_960_720-e1489930624872-1.png","contentUrl":"https:\/\/www.philix.be\/luss\/wp-content\/uploads\/sites\/3\/2017\/03\/cropped-wordpress-1415678_960_720-e1489930624872-1.png","width":100,"height":100,"caption":"WPLUSS"},"image":{"@id":"https:\/\/www.philix.be\/luss\/#\/schema\/logo\/image\/"}}]}},"_links":{"self":[{"href":"https:\/\/www.philix.be\/luss\/wp-json\/wp\/v2\/pages\/1006","targetHints":{"allow":["GET"]}}],"collection":[{"href":"https:\/\/www.philix.be\/luss\/wp-json\/wp\/v2\/pages"}],"about":[{"href":"https:\/\/www.philix.be\/luss\/wp-json\/wp\/v2\/types\/page"}],"author":[{"embeddable":true,"href":"https:\/\/www.philix.be\/luss\/wp-json\/wp\/v2\/users\/1"}],"replies":[{"embeddable":true,"href":"https:\/\/www.philix.be\/luss\/wp-json\/wp\/v2\/comments?post=1006"}],"version-history":[{"count":0,"href":"https:\/\/www.philix.be\/luss\/wp-json\/wp\/v2\/pages\/1006\/revisions"}],"up":[{"embeddable":true,"href":"https:\/\/www.philix.be\/luss\/wp-json\/wp\/v2\/pages\/841"}],"wp:attachment":[{"href":"https:\/\/www.philix.be\/luss\/wp-json\/wp\/v2\/media?parent=1006"}],"curies":[{"name":"wp","href":"https:\/\/api.w.org\/{rel}","templated":true}]}}