{"id":2083,"date":"2019-08-08T10:47:03","date_gmt":"2019-08-08T08:47:03","guid":{"rendered":"http:\/\/www.philix.be\/luss\/?page_id=2083"},"modified":"2019-08-11T18:48:57","modified_gmt":"2019-08-11T16:48:57","slug":"duplicate-post","status":"publish","type":"page","link":"https:\/\/www.philix.be\/luss\/cours-editeurs\/duplicate-post\/","title":{"rendered":"Duplicate Post"},"content":{"rendered":"\t\t<div data-elementor-type=\"wp-post\" data-elementor-id=\"2083\" class=\"elementor elementor-2083\">\n\t\t\t\t\t\t<section class=\"elementor-section elementor-top-section elementor-element elementor-element-6bb14f7 elementor-section-boxed elementor-section-height-default elementor-section-height-default\" data-id=\"6bb14f7\" data-element_type=\"section\" data-e-type=\"section\">\n\t\t\t\t\t\t<div class=\"elementor-container elementor-column-gap-default\">\n\t\t\t\t\t<div class=\"elementor-column elementor-col-100 elementor-top-column elementor-element elementor-element-d72cd77\" data-id=\"d72cd77\" data-element_type=\"column\" data-e-type=\"column\">\n\t\t\t<div class=\"elementor-widget-wrap elementor-element-populated\">\n\t\t\t\t\t\t<div class=\"elementor-element elementor-element-0c2dd67 elementor-widget elementor-widget-text-editor\" data-id=\"0c2dd67\" data-element_type=\"widget\" data-e-type=\"widget\" data-widget_type=\"text-editor.default\">\n\t\t\t\t<div class=\"elementor-widget-container\">\n\t\t\t\t\t\t\t\t\t<p><b>Duplicate Post <\/b>est la seconde des deux options pour traduire votre site avec <strong>Polylang<\/strong>.<\/p><ul><li>Ses avantages, par rapport \u00e0 l\u2019option <strong>Lingotek<\/strong> que nous avons vu juste avant, sont :<ul><li>De vous offrir une page totalement identique \u00e0 l&rsquo;original. <strong>C&rsquo;est pratique quand on utilise Divi<\/strong>.\u00a0<\/li><li>D&rsquo;\u00eatre <strong>totalement gratuit<\/strong> quelle que soit le nombre de contenus de votre site.<\/li><\/ul><\/li><li>Son inconv\u00e9nient est que vous devrez traduire vos textes en dehors de WordPress, avant de les copier dans la nouvelle page \u00e0 la place du contenu original.<\/li><\/ul>\t\t\t\t\t\t\t\t<\/div>\n\t\t\t\t<\/div>\n\t\t\t\t<div class=\"elementor-element elementor-element-3e6e4d0 elementor-widget elementor-widget-heading\" data-id=\"3e6e4d0\" data-element_type=\"widget\" data-e-type=\"widget\" data-widget_type=\"heading.default\">\n\t\t\t\t<div class=\"elementor-widget-container\">\n\t\t\t\t\t<h3 class=\"elementor-heading-title elementor-size-default\">Comment \u00e7a marche ?<\/h3>\t\t\t\t<\/div>\n\t\t\t\t<\/div>\n\t\t\t\t<div class=\"elementor-element elementor-element-241ac4e elementor-widget elementor-widget-text-editor\" data-id=\"241ac4e\" data-element_type=\"widget\" data-e-type=\"widget\" data-widget_type=\"text-editor.default\">\n\t\t\t\t<div class=\"elementor-widget-container\">\n\t\t\t\t\t\t\t\t\t<p>La premi\u00e8re op\u00e9ration consiste \u00e0 prendre une copie de la page originale. C&rsquo;est, en fait, le seul objectif du plugin.<\/p><p>Plusieurs possibilit\u00e9s :<\/p><ul><li>Cliquez sur <img decoding=\"async\" class=\"alignnone size-full wp-image-2234\" style=\"vertical-align: middle;\" src=\"http:\/\/www.philix.be\/luss\/wp-content\/uploads\/sites\/3\/2019\/08\/duplicateNewOption1.png\" alt=\"\" width=\"230\" height=\"33\" \/> dans la barre d&rsquo;administration, en haut de page. Choisissez cette option lorsque vous visualisez la page du site comme n&rsquo;importe quel autre visiteur.<\/li><li>Lorsque vous \u00eates dans l&rsquo;interface d&rsquo;administration, sur \u00ab\u00a0Toutes les pages\u00a0\u00bb (ou Articles ou Cat\u00e9gories), cliquez sur le lien obtenu au survol : <strong>Dupliquer<\/strong> ou <strong>Nouveau brouillon<\/strong> :<br \/><img decoding=\"async\" class=\"aligncenter wp-image-2235 size-full\" src=\"http:\/\/www.philix.be\/luss\/wp-content\/uploads\/sites\/3\/2019\/08\/duplicateNewOption2.png\" alt=\"\" width=\"425\" height=\"67\" srcset=\"https:\/\/www.philix.be\/luss\/wp-content\/uploads\/sites\/3\/2019\/08\/duplicateNewOption2.png 425w, https:\/\/www.philix.be\/luss\/wp-content\/uploads\/sites\/3\/2019\/08\/duplicateNewOption2-300x47.png 300w\" sizes=\"(max-width: 425px) 100vw, 425px\" \/>La diff\u00e9rence entre les deux options ?<br \/><strong>Nouveau brouillon<\/strong> : Cela vous enverra directement dans la zone d&rsquo;\u00e9dition, ce qui vous permettra de modifier rapidement ce que vous voulez.<br \/><strong>Dupliquer <\/strong>: Ceci ne fait que dupliquer la page (ou l&rsquo;article ou la cat\u00e9gorie) et l&rsquo;ajoute \u00e0 la liste, sans vous envoyer dans la zone d&rsquo;\u00e9dition. Modification ult\u00e9rieure, donc \ud83d\ude09<\/li><li>Lorsque vous \u00eates en mode \u00c9dition de la page (article ou cat\u00e9gorie), cliquez sur <strong>Copier dans un nouveau brouillon<\/strong>\u00a0disponible dans l&rsquo;encart \u00ab\u00a0<b>Publier<\/b>\u00a0\u00bb \u00e0 droite de l&rsquo;\u00e9cran :<br \/><img fetchpriority=\"high\" decoding=\"async\" class=\"size-full wp-image-2236 aligncenter\" src=\"http:\/\/www.philix.be\/luss\/wp-content\/uploads\/sites\/3\/2019\/08\/duplicateNewOption3.png\" alt=\"\" width=\"275\" height=\"333\" srcset=\"https:\/\/www.philix.be\/luss\/wp-content\/uploads\/sites\/3\/2019\/08\/duplicateNewOption3.png 275w, https:\/\/www.philix.be\/luss\/wp-content\/uploads\/sites\/3\/2019\/08\/duplicateNewOption3-248x300.png 248w\" sizes=\"(max-width: 275px) 100vw, 275px\" \/><\/li><\/ul>\t\t\t\t\t\t\t\t<\/div>\n\t\t\t\t<\/div>\n\t\t\t\t<div class=\"elementor-element elementor-element-f4fbb1d elementor-widget elementor-widget-heading\" data-id=\"f4fbb1d\" data-element_type=\"widget\" data-e-type=\"widget\" data-widget_type=\"heading.default\">\n\t\t\t\t<div class=\"elementor-widget-container\">\n\t\t\t\t\t<h3 class=\"elementor-heading-title elementor-size-default\">La traduction du contenu cr\u00e9\u00e9<\/h3>\t\t\t\t<\/div>\n\t\t\t\t<\/div>\n\t\t\t\t<div class=\"elementor-element elementor-element-21f34ad elementor-widget elementor-widget-text-editor\" data-id=\"21f34ad\" data-element_type=\"widget\" data-e-type=\"widget\" data-widget_type=\"text-editor.default\">\n\t\t\t\t<div class=\"elementor-widget-container\">\n\t\t\t\t\t\t\t\t\t<h4>Proc\u00e9dure conseill\u00e9e<\/h4><p>D\u00e8s que vous \u00e9ditez la copie cr\u00e9\u00e9e :<\/p><ol><li>Changer la langue de la page (ou article ou cat\u00e9gorie) et cherchez la page originale.<br \/>Ici on change en n\u00e9erlandais et on cherche la page en fran\u00e7ais :<br \/><img loading=\"lazy\" decoding=\"async\" class=\"size-full wp-image-2232 aligncenter\" src=\"http:\/\/www.philix.be\/luss\/wp-content\/uploads\/sites\/3\/2019\/08\/duplicateChangeLangue.png\" alt=\"\" width=\"277\" height=\"276\" srcset=\"https:\/\/www.philix.be\/luss\/wp-content\/uploads\/sites\/3\/2019\/08\/duplicateChangeLangue.png 277w, https:\/\/www.philix.be\/luss\/wp-content\/uploads\/sites\/3\/2019\/08\/duplicateChangeLangue-150x150.png 150w, https:\/\/www.philix.be\/luss\/wp-content\/uploads\/sites\/3\/2019\/08\/duplicateChangeLangue-200x200.png 200w, https:\/\/www.philix.be\/luss\/wp-content\/uploads\/sites\/3\/2019\/08\/duplicateChangeLangue-100x100.png 100w\" sizes=\"(max-width: 277px) 100vw, 277px\" \/><br \/><img loading=\"lazy\" decoding=\"async\" class=\"size-full wp-image-2233 aligncenter\" src=\"http:\/\/www.philix.be\/luss\/wp-content\/uploads\/sites\/3\/2019\/08\/duplicateChangeLangue1.png\" alt=\"\" width=\"275\" height=\"275\" srcset=\"https:\/\/www.philix.be\/luss\/wp-content\/uploads\/sites\/3\/2019\/08\/duplicateChangeLangue1.png 275w, https:\/\/www.philix.be\/luss\/wp-content\/uploads\/sites\/3\/2019\/08\/duplicateChangeLangue1-150x150.png 150w, https:\/\/www.philix.be\/luss\/wp-content\/uploads\/sites\/3\/2019\/08\/duplicateChangeLangue1-200x200.png 200w, https:\/\/www.philix.be\/luss\/wp-content\/uploads\/sites\/3\/2019\/08\/duplicateChangeLangue1-100x100.png 100w\" sizes=\"(max-width: 275px) 100vw, 275px\" \/><br \/>(Faites de m\u00eame pour les autres langues si les pages correspondantes sont d\u00e9j\u00e0 faites) <br \/>\u00a0<\/li><li>Changez le permalien. Cliquez sur Modifier et remplacez le \u00ab\u00a0slug\u00a0\u00bb par sa traduction :<br \/><img loading=\"lazy\" decoding=\"async\" class=\"size-full wp-image-2241 aligncenter\" src=\"http:\/\/www.philix.be\/luss\/wp-content\/uploads\/sites\/3\/2019\/08\/duplicatePermalien.png\" alt=\"\" width=\"530\" height=\"40\" srcset=\"https:\/\/www.philix.be\/luss\/wp-content\/uploads\/sites\/3\/2019\/08\/duplicatePermalien.png 530w, https:\/\/www.philix.be\/luss\/wp-content\/uploads\/sites\/3\/2019\/08\/duplicatePermalien-300x23.png 300w\" sizes=\"(max-width: 530px) 100vw, 530px\" \/><br \/>R\u00e8gle : uniquement des minuscules et remplacez les espaces par des tirets. <br \/>\u00a0<\/li><li>S\u00e9lectionnez le texte (ou la partie de texte) \u00e0 traduire. Conseil : travaillez par titre \/ paragraphe et traduisez chaque partie au fur et \u00e0 mesure.<\/li><\/ol><h4><span style=\"color: #000000;\"><strong>Comment traduire ?<\/strong><\/span><\/h4><ul><li>Soit vous-m\u00eame si vous \u00eates bilingue accompli.<\/li><li>Soit en faisant appel \u00e0 un traducteur (\u20ac)<\/li><li>Soit en utilisant le meilleur des traducteurs automatiques : <a href=\"https:\/\/www.deepl.com\/translator\"><b>DeepL Traducteur<\/b><\/a><\/li><\/ul><p>Copier\/coller la traduction obtenue dans votre nouvelle page, \u00e0 la place du texte du texte original.<\/p><h4><strong><span style=\"color: #000000;\">Attention !<\/span><\/strong><\/h4><p>Ne coller jamais directement votre texte car vous copierez \u00e9galement les styles originaux !<br \/>Pour les copier\/coller, cliquez d\u2019abord sur le <img loading=\"lazy\" decoding=\"async\" class=\"alignnone size-full wp-image-2244\" style=\"vertical-align: middle;\" src=\"http:\/\/www.philix.be\/luss\/wp-content\/uploads\/sites\/3\/2019\/08\/collerTexteBrut.png\" alt=\"\" width=\"18\" height=\"21\" \/><\/p>\t\t\t\t\t\t\t\t<\/div>\n\t\t\t\t<\/div>\n\t\t\t\t<div class=\"elementor-element elementor-element-a7e70e2 elementor-widget-divider--view-line elementor-widget elementor-widget-divider\" data-id=\"a7e70e2\" data-element_type=\"widget\" data-e-type=\"widget\" data-widget_type=\"divider.default\">\n\t\t\t\t<div class=\"elementor-widget-container\">\n\t\t\t\t\t\t\t<div class=\"elementor-divider\">\n\t\t\t<span class=\"elementor-divider-separator\">\n\t\t\t\t\t\t<\/span>\n\t\t<\/div>\n\t\t\t\t\t\t<\/div>\n\t\t\t\t<\/div>\n\t\t\t\t<div class=\"elementor-element elementor-element-be72ccf elementor-widget elementor-widget-heading\" data-id=\"be72ccf\" data-element_type=\"widget\" data-e-type=\"widget\" data-widget_type=\"heading.default\">\n\t\t\t\t<div class=\"elementor-widget-container\">\n\t\t\t\t\t<h3 class=\"elementor-heading-title elementor-size-default\">En r\u00e9sum\u00e9<\/h3>\t\t\t\t<\/div>\n\t\t\t\t<\/div>\n\t\t\t\t<div class=\"elementor-element elementor-element-ded02ea elementor-widget elementor-widget-text-editor\" data-id=\"ded02ea\" data-element_type=\"widget\" data-e-type=\"widget\" data-widget_type=\"text-editor.default\">\n\t\t\t\t<div class=\"elementor-widget-container\">\n\t\t\t\t\t\t\t\t\t<p><b>Duplicate Post<\/b> est une solution <strong>int\u00e9ressante.<\/strong> La copie est conforme en tous points \u00e0 l&rsquo;original (solution int\u00e9ressante avec <b>Divi<\/b>).<br \/>Il vous faudra cependant effectuer les traductions <b>hors WordPress<\/b>.<\/p><p>Un autre avantage est la fiabilit\u00e9 de la traduction de <a href=\"https:\/\/www.deepl.com\/translator\"><strong>DeepL Traducteur<\/strong><\/a>, bien sup\u00e9rieure \u00e0 celle de Lingotek (pas parfaite toutefois : faites relire le r\u00e9sultat par un sp\u00e9cialiste ou quelqu&rsquo;un dont c&rsquo;est la langue maternelle.)<\/p><p><span style=\"font-family: Roboto, sans-serif; font-size: 16px; font-style: normal; font-weight: 400;\">Donc, plus de travail mais un meilleur r\u00e9sultat qu&rsquo;avec Lingotek.<\/span><\/p><h4><strong>Personne sous la main pour v\u00e9rifier ? <\/strong><\/h4><p>Indiquez que la traduction est issue de <strong>DeepL Traducteur<\/strong> et excusez-vous de ses imperfections \ud83d\ude09<\/p>\t\t\t\t\t\t\t\t<\/div>\n\t\t\t\t<\/div>\n\t\t\t\t<div class=\"elementor-element elementor-element-94eb18c elementor-widget-divider--view-line elementor-widget elementor-widget-divider\" data-id=\"94eb18c\" data-element_type=\"widget\" data-e-type=\"widget\" data-widget_type=\"divider.default\">\n\t\t\t\t<div class=\"elementor-widget-container\">\n\t\t\t\t\t\t\t<div class=\"elementor-divider\">\n\t\t\t<span class=\"elementor-divider-separator\">\n\t\t\t\t\t\t<\/span>\n\t\t<\/div>\n\t\t\t\t\t\t<\/div>\n\t\t\t\t<\/div>\n\t\t\t\t\t<\/div>\n\t\t<\/div>\n\t\t\t\t\t<\/div>\n\t\t<\/section>\n\t\t\t\t<section class=\"elementor-section elementor-inner-section elementor-element elementor-element-51a4bdcb elementor-section-boxed elementor-section-height-default elementor-section-height-default\" data-id=\"51a4bdcb\" data-element_type=\"section\" data-e-type=\"section\">\n\t\t\t\t\t\t<div class=\"elementor-container elementor-column-gap-default\">\n\t\t\t\t\t<div class=\"elementor-column elementor-col-50 elementor-inner-column elementor-element elementor-element-7bce1e58\" data-id=\"7bce1e58\" data-element_type=\"column\" data-e-type=\"column\">\n\t\t\t<div class=\"elementor-widget-wrap elementor-element-populated\">\n\t\t\t\t\t\t<div class=\"elementor-element elementor-element-2b416ac5 elementor-widget elementor-widget-text-editor\" data-id=\"2b416ac5\" data-element_type=\"widget\" data-e-type=\"widget\" data-widget_type=\"text-editor.default\">\n\t\t\t\t<div class=\"elementor-widget-container\">\n\t\t\t\t\t\t\t\t\t<p><a href=\"\/luss\/cours-editeurs\/lingotek\/\">\u21d0 Lingotek<\/a><\/p>\t\t\t\t\t\t\t\t<\/div>\n\t\t\t\t<\/div>\n\t\t\t\t\t<\/div>\n\t\t<\/div>\n\t\t\t\t<div class=\"elementor-column elementor-col-50 elementor-inner-column elementor-element elementor-element-3452a107\" data-id=\"3452a107\" data-element_type=\"column\" data-e-type=\"column\">\n\t\t\t<div class=\"elementor-widget-wrap elementor-element-populated\">\n\t\t\t\t\t\t<div class=\"elementor-element elementor-element-7d5fe2c0 elementor-widget elementor-widget-text-editor\" data-id=\"7d5fe2c0\" data-element_type=\"widget\" data-e-type=\"widget\" data-widget_type=\"text-editor.default\">\n\t\t\t\t<div class=\"elementor-widget-container\">\n\t\t\t\t\t\t\t\t\t<p style=\"text-align: right;\"><a href=\"http:\/\/www.philix.be\/luss\/cours-editeurs\/referencement-naturel-seo\/\">R\u00e9f\u00e9rencement naturel \u21d2<\/a><\/p>\t\t\t\t\t\t\t\t<\/div>\n\t\t\t\t<\/div>\n\t\t\t\t\t<\/div>\n\t\t<\/div>\n\t\t\t\t\t<\/div>\n\t\t<\/section>\n\t\t\t\t<\/div>\n\t\t","protected":false},"excerpt":{"rendered":"<p>Duplicate Post est la seconde des deux options pour traduire votre site avec Polylang. Ses avantages, par rapport \u00e0 l\u2019option Lingotek que nous avons vu juste avant, sont : De vous offrir une page totalement identique \u00e0 l&rsquo;original. C&rsquo;est pratique<\/p>\n","protected":false},"author":1,"featured_media":0,"parent":956,"menu_order":12,"comment_status":"closed","ping_status":"closed","template":"","meta":{"footnotes":""},"class_list":["post-2083","page","type-page","status-publish","hentry"],"yoast_head":"<!-- This site is optimized with the Yoast SEO plugin v27.5 - https:\/\/yoast.com\/product\/yoast-seo-wordpress\/ -->\n<title>Duplicate Post - WPLUSS<\/title>\n<meta name=\"robots\" content=\"index, follow, max-snippet:-1, max-image-preview:large, max-video-preview:-1\" \/>\n<link rel=\"canonical\" href=\"https:\/\/www.philix.be\/luss\/cours-editeurs\/duplicate-post\/\" \/>\n<meta property=\"og:locale\" content=\"fr_FR\" \/>\n<meta property=\"og:type\" content=\"article\" \/>\n<meta property=\"og:title\" content=\"Duplicate Post - WPLUSS\" \/>\n<meta property=\"og:description\" content=\"Duplicate Post est la seconde des deux options pour traduire votre site avec Polylang. Ses avantages, par rapport \u00e0 l\u2019option Lingotek que nous avons vu juste avant, sont : De vous offrir une page totalement identique \u00e0 l&rsquo;original. C&rsquo;est pratique\" \/>\n<meta property=\"og:url\" content=\"https:\/\/www.philix.be\/luss\/cours-editeurs\/duplicate-post\/\" \/>\n<meta property=\"og:site_name\" content=\"WPLUSS\" \/>\n<meta property=\"article:modified_time\" content=\"2019-08-11T16:48:57+00:00\" \/>\n<meta property=\"og:image\" content=\"http:\/\/www.philix.be\/luss\/wp-content\/uploads\/sites\/3\/2019\/08\/duplicateNewOption1.png\" \/>\n<meta name=\"twitter:card\" content=\"summary_large_image\" \/>\n<meta name=\"twitter:label1\" content=\"Dur\u00e9e de lecture estim\u00e9e\" \/>\n\t<meta name=\"twitter:data1\" content=\"3 minutes\" \/>\n<script type=\"application\/ld+json\" class=\"yoast-schema-graph\">{\"@context\":\"https:\\\/\\\/schema.org\",\"@graph\":[{\"@type\":\"WebPage\",\"@id\":\"https:\\\/\\\/www.philix.be\\\/luss\\\/cours-editeurs\\\/duplicate-post\\\/\",\"url\":\"https:\\\/\\\/www.philix.be\\\/luss\\\/cours-editeurs\\\/duplicate-post\\\/\",\"name\":\"Duplicate Post - WPLUSS\",\"isPartOf\":{\"@id\":\"https:\\\/\\\/www.philix.be\\\/luss\\\/#website\"},\"primaryImageOfPage\":{\"@id\":\"https:\\\/\\\/www.philix.be\\\/luss\\\/cours-editeurs\\\/duplicate-post\\\/#primaryimage\"},\"image\":{\"@id\":\"https:\\\/\\\/www.philix.be\\\/luss\\\/cours-editeurs\\\/duplicate-post\\\/#primaryimage\"},\"thumbnailUrl\":\"http:\\\/\\\/www.philix.be\\\/luss\\\/wp-content\\\/uploads\\\/sites\\\/3\\\/2019\\\/08\\\/duplicateNewOption1.png\",\"datePublished\":\"2019-08-08T08:47:03+00:00\",\"dateModified\":\"2019-08-11T16:48:57+00:00\",\"breadcrumb\":{\"@id\":\"https:\\\/\\\/www.philix.be\\\/luss\\\/cours-editeurs\\\/duplicate-post\\\/#breadcrumb\"},\"inLanguage\":\"fr-FR\",\"potentialAction\":[{\"@type\":\"ReadAction\",\"target\":[\"https:\\\/\\\/www.philix.be\\\/luss\\\/cours-editeurs\\\/duplicate-post\\\/\"]}]},{\"@type\":\"ImageObject\",\"inLanguage\":\"fr-FR\",\"@id\":\"https:\\\/\\\/www.philix.be\\\/luss\\\/cours-editeurs\\\/duplicate-post\\\/#primaryimage\",\"url\":\"http:\\\/\\\/www.philix.be\\\/luss\\\/wp-content\\\/uploads\\\/sites\\\/3\\\/2019\\\/08\\\/duplicateNewOption1.png\",\"contentUrl\":\"http:\\\/\\\/www.philix.be\\\/luss\\\/wp-content\\\/uploads\\\/sites\\\/3\\\/2019\\\/08\\\/duplicateNewOption1.png\"},{\"@type\":\"BreadcrumbList\",\"@id\":\"https:\\\/\\\/www.philix.be\\\/luss\\\/cours-editeurs\\\/duplicate-post\\\/#breadcrumb\",\"itemListElement\":[{\"@type\":\"ListItem\",\"position\":1,\"name\":\"Cours \u00c9diteurs\",\"item\":\"https:\\\/\\\/www.philix.be\\\/luss\\\/cours-editeurs\\\/\"},{\"@type\":\"ListItem\",\"position\":2,\"name\":\"Duplicate Post\"}]},{\"@type\":\"WebSite\",\"@id\":\"https:\\\/\\\/www.philix.be\\\/luss\\\/#website\",\"url\":\"https:\\\/\\\/www.philix.be\\\/luss\\\/\",\"name\":\"WPLUSS\",\"description\":\"Les sites de Ph\u00a1l\u00a1x\",\"publisher\":{\"@id\":\"https:\\\/\\\/www.philix.be\\\/luss\\\/#organization\"},\"potentialAction\":[{\"@type\":\"SearchAction\",\"target\":{\"@type\":\"EntryPoint\",\"urlTemplate\":\"https:\\\/\\\/www.philix.be\\\/luss\\\/?s={search_term_string}\"},\"query-input\":{\"@type\":\"PropertyValueSpecification\",\"valueRequired\":true,\"valueName\":\"search_term_string\"}}],\"inLanguage\":\"fr-FR\"},{\"@type\":\"Organization\",\"@id\":\"https:\\\/\\\/www.philix.be\\\/luss\\\/#organization\",\"name\":\"WPLUSS\",\"url\":\"https:\\\/\\\/www.philix.be\\\/luss\\\/\",\"logo\":{\"@type\":\"ImageObject\",\"inLanguage\":\"fr-FR\",\"@id\":\"https:\\\/\\\/www.philix.be\\\/luss\\\/#\\\/schema\\\/logo\\\/image\\\/\",\"url\":\"https:\\\/\\\/www.philix.be\\\/luss\\\/wp-content\\\/uploads\\\/sites\\\/3\\\/2017\\\/03\\\/cropped-wordpress-1415678_960_720-e1489930624872-1.png\",\"contentUrl\":\"https:\\\/\\\/www.philix.be\\\/luss\\\/wp-content\\\/uploads\\\/sites\\\/3\\\/2017\\\/03\\\/cropped-wordpress-1415678_960_720-e1489930624872-1.png\",\"width\":100,\"height\":100,\"caption\":\"WPLUSS\"},\"image\":{\"@id\":\"https:\\\/\\\/www.philix.be\\\/luss\\\/#\\\/schema\\\/logo\\\/image\\\/\"}}]}<\/script>\n<!-- \/ Yoast SEO plugin. -->","yoast_head_json":{"title":"Duplicate Post - WPLUSS","robots":{"index":"index","follow":"follow","max-snippet":"max-snippet:-1","max-image-preview":"max-image-preview:large","max-video-preview":"max-video-preview:-1"},"canonical":"https:\/\/www.philix.be\/luss\/cours-editeurs\/duplicate-post\/","og_locale":"fr_FR","og_type":"article","og_title":"Duplicate Post - WPLUSS","og_description":"Duplicate Post est la seconde des deux options pour traduire votre site avec Polylang. Ses avantages, par rapport \u00e0 l\u2019option Lingotek que nous avons vu juste avant, sont : De vous offrir une page totalement identique \u00e0 l&rsquo;original. C&rsquo;est pratique","og_url":"https:\/\/www.philix.be\/luss\/cours-editeurs\/duplicate-post\/","og_site_name":"WPLUSS","article_modified_time":"2019-08-11T16:48:57+00:00","og_image":[{"url":"http:\/\/www.philix.be\/luss\/wp-content\/uploads\/sites\/3\/2019\/08\/duplicateNewOption1.png","type":"","width":"","height":""}],"twitter_card":"summary_large_image","twitter_misc":{"Dur\u00e9e de lecture estim\u00e9e":"3 minutes"},"schema":{"@context":"https:\/\/schema.org","@graph":[{"@type":"WebPage","@id":"https:\/\/www.philix.be\/luss\/cours-editeurs\/duplicate-post\/","url":"https:\/\/www.philix.be\/luss\/cours-editeurs\/duplicate-post\/","name":"Duplicate Post - WPLUSS","isPartOf":{"@id":"https:\/\/www.philix.be\/luss\/#website"},"primaryImageOfPage":{"@id":"https:\/\/www.philix.be\/luss\/cours-editeurs\/duplicate-post\/#primaryimage"},"image":{"@id":"https:\/\/www.philix.be\/luss\/cours-editeurs\/duplicate-post\/#primaryimage"},"thumbnailUrl":"http:\/\/www.philix.be\/luss\/wp-content\/uploads\/sites\/3\/2019\/08\/duplicateNewOption1.png","datePublished":"2019-08-08T08:47:03+00:00","dateModified":"2019-08-11T16:48:57+00:00","breadcrumb":{"@id":"https:\/\/www.philix.be\/luss\/cours-editeurs\/duplicate-post\/#breadcrumb"},"inLanguage":"fr-FR","potentialAction":[{"@type":"ReadAction","target":["https:\/\/www.philix.be\/luss\/cours-editeurs\/duplicate-post\/"]}]},{"@type":"ImageObject","inLanguage":"fr-FR","@id":"https:\/\/www.philix.be\/luss\/cours-editeurs\/duplicate-post\/#primaryimage","url":"http:\/\/www.philix.be\/luss\/wp-content\/uploads\/sites\/3\/2019\/08\/duplicateNewOption1.png","contentUrl":"http:\/\/www.philix.be\/luss\/wp-content\/uploads\/sites\/3\/2019\/08\/duplicateNewOption1.png"},{"@type":"BreadcrumbList","@id":"https:\/\/www.philix.be\/luss\/cours-editeurs\/duplicate-post\/#breadcrumb","itemListElement":[{"@type":"ListItem","position":1,"name":"Cours \u00c9diteurs","item":"https:\/\/www.philix.be\/luss\/cours-editeurs\/"},{"@type":"ListItem","position":2,"name":"Duplicate Post"}]},{"@type":"WebSite","@id":"https:\/\/www.philix.be\/luss\/#website","url":"https:\/\/www.philix.be\/luss\/","name":"WPLUSS","description":"Les sites de Ph\u00a1l\u00a1x","publisher":{"@id":"https:\/\/www.philix.be\/luss\/#organization"},"potentialAction":[{"@type":"SearchAction","target":{"@type":"EntryPoint","urlTemplate":"https:\/\/www.philix.be\/luss\/?s={search_term_string}"},"query-input":{"@type":"PropertyValueSpecification","valueRequired":true,"valueName":"search_term_string"}}],"inLanguage":"fr-FR"},{"@type":"Organization","@id":"https:\/\/www.philix.be\/luss\/#organization","name":"WPLUSS","url":"https:\/\/www.philix.be\/luss\/","logo":{"@type":"ImageObject","inLanguage":"fr-FR","@id":"https:\/\/www.philix.be\/luss\/#\/schema\/logo\/image\/","url":"https:\/\/www.philix.be\/luss\/wp-content\/uploads\/sites\/3\/2017\/03\/cropped-wordpress-1415678_960_720-e1489930624872-1.png","contentUrl":"https:\/\/www.philix.be\/luss\/wp-content\/uploads\/sites\/3\/2017\/03\/cropped-wordpress-1415678_960_720-e1489930624872-1.png","width":100,"height":100,"caption":"WPLUSS"},"image":{"@id":"https:\/\/www.philix.be\/luss\/#\/schema\/logo\/image\/"}}]}},"_links":{"self":[{"href":"https:\/\/www.philix.be\/luss\/wp-json\/wp\/v2\/pages\/2083","targetHints":{"allow":["GET"]}}],"collection":[{"href":"https:\/\/www.philix.be\/luss\/wp-json\/wp\/v2\/pages"}],"about":[{"href":"https:\/\/www.philix.be\/luss\/wp-json\/wp\/v2\/types\/page"}],"author":[{"embeddable":true,"href":"https:\/\/www.philix.be\/luss\/wp-json\/wp\/v2\/users\/1"}],"replies":[{"embeddable":true,"href":"https:\/\/www.philix.be\/luss\/wp-json\/wp\/v2\/comments?post=2083"}],"version-history":[{"count":0,"href":"https:\/\/www.philix.be\/luss\/wp-json\/wp\/v2\/pages\/2083\/revisions"}],"up":[{"embeddable":true,"href":"https:\/\/www.philix.be\/luss\/wp-json\/wp\/v2\/pages\/956"}],"wp:attachment":[{"href":"https:\/\/www.philix.be\/luss\/wp-json\/wp\/v2\/media?parent=2083"}],"curies":[{"name":"wp","href":"https:\/\/api.w.org\/{rel}","templated":true}]}}