{"id":767,"date":"2019-04-30T20:27:03","date_gmt":"2019-04-30T18:27:03","guid":{"rendered":"https:\/\/www.philix.be\/luss\/?page_id=767"},"modified":"2019-08-08T11:16:36","modified_gmt":"2019-08-08T09:16:36","slug":"le-superadmin","status":"publish","type":"page","link":"https:\/\/www.philix.be\/luss\/cours-administrateurs\/roles-et-acces\/le-superadmin\/","title":{"rendered":"Le SuperAdmin, il fait quoi ?"},"content":{"rendered":"\t\t<div data-elementor-type=\"wp-post\" data-elementor-id=\"767\" class=\"elementor elementor-767\">\n\t\t\t\t\t\t<section class=\"elementor-section elementor-top-section elementor-element elementor-element-e6992e3 elementor-section-boxed elementor-section-height-default elementor-section-height-default\" data-id=\"e6992e3\" data-element_type=\"section\" data-e-type=\"section\" data-settings=\"{&quot;background_background&quot;:&quot;classic&quot;,&quot;animation&quot;:&quot;none&quot;}\">\n\t\t\t\t\t\t<div class=\"elementor-container elementor-column-gap-default\">\n\t\t\t\t\t<div class=\"elementor-column elementor-col-33 elementor-top-column elementor-element elementor-element-474522f\" data-id=\"474522f\" data-element_type=\"column\" data-e-type=\"column\">\n\t\t\t<div class=\"elementor-widget-wrap elementor-element-populated\">\n\t\t\t\t\t\t<div class=\"elementor-element elementor-element-dc1790a elementor-widget elementor-widget-image\" data-id=\"dc1790a\" data-element_type=\"widget\" data-e-type=\"widget\" data-widget_type=\"image.default\">\n\t\t\t\t<div class=\"elementor-widget-container\">\n\t\t\t\t\t\t\t\t\t\t\t\t\t\t\t<img fetchpriority=\"high\" decoding=\"async\" width=\"161\" height=\"513\" src=\"https:\/\/www.philix.be\/luss\/wp-content\/uploads\/sites\/3\/2019\/04\/tableauBordAdminReseau.png\" class=\"attachment-large size-large wp-image-770\" alt=\"\" srcset=\"https:\/\/www.philix.be\/luss\/wp-content\/uploads\/sites\/3\/2019\/04\/tableauBordAdminReseau.png 161w, https:\/\/www.philix.be\/luss\/wp-content\/uploads\/sites\/3\/2019\/04\/tableauBordAdminReseau-94x300.png 94w\" sizes=\"(max-width: 161px) 100vw, 161px\" \/>\t\t\t\t\t\t\t\t\t\t\t\t\t\t\t<\/div>\n\t\t\t\t<\/div>\n\t\t\t\t\t<\/div>\n\t\t<\/div>\n\t\t\t\t<div class=\"elementor-column elementor-col-66 elementor-top-column elementor-element elementor-element-bb1678a\" data-id=\"bb1678a\" data-element_type=\"column\" data-e-type=\"column\">\n\t\t\t<div class=\"elementor-widget-wrap elementor-element-populated\">\n\t\t\t\t\t\t<div class=\"elementor-element elementor-element-42dec6f elementor-widget elementor-widget-eael-feature-list\" data-id=\"42dec6f\" data-element_type=\"widget\" data-e-type=\"widget\" data-widget_type=\"eael-feature-list.default\">\n\t\t\t\t<div class=\"elementor-widget-container\">\n\t\t\t\t\t\t\t<div class=\"-icon-position-left -tablet-icon-position-left -mobile-icon-position-left\">\n\t\t\t<ul id=\"eael-feature-list-42dec6f\" class=\"eael-feature-list-items circle stacked  eael-feature-list-vertical\" data-layout-tablet=\"vertical\" data-layout-mobile=\"vertical\">\n\t\t\t                <li class=\"eael-feature-list-item elementor-repeater-item-0581b70\">\n                    \n\t\t\t\t\t\t<div class=\"eael-feature-list-icon-box\">\n\t\t\t\t\t\t\t<div class=\"eael-feature-list-icon-inner\">\n\n\t\t\t\t\t\t\t\t<span class=\"eael-feature-list-icon fl-icon-0\">\n\n\t\t<i class=\"fa fa-check\" aria-hidden=\"true\"><\/i>\t\t\t\t\t\t\t\t<\/span>\n\t\t\t\t\t\t\t<\/div>\n\t\t\t\t\t\t<\/div>\n\t\t\t\t\t\t<div class=\"eael-feature-list-content-box\">\n                            <h4 class=\"eael-feature-list-title\">Les mises \u00e0 jour<\/h4>\t\t\t\t\t\t<p class=\"eael-feature-list-content\"><ul>\n<li>Les mises \u00e0 jour de WordPress.<\/li>\n<li>Les mises \u00e0 jour des th\u00e8mes et extensions.<\/li>\n<li>La propagation de ces mises \u00e0 jour dans le r\u00e9seau.<\/li>\n<\/ul><\/p>\n\t\t\t\t\t\t<\/div>\n\n\t\t\t\t\t<\/li>\n\t\t\t\t                <li class=\"eael-feature-list-item elementor-repeater-item-55919a2\">\n                    \n\t\t\t\t\t\t<div class=\"eael-feature-list-icon-box\">\n\t\t\t\t\t\t\t<div class=\"eael-feature-list-icon-inner\">\n\n\t\t\t\t\t\t\t\t<span class=\"eael-feature-list-icon fl-icon-1\">\n\n\t\t<i class=\"fa fa-check\" aria-hidden=\"true\"><\/i>\t\t\t\t\t\t\t\t<\/span>\n\t\t\t\t\t\t\t<\/div>\n\t\t\t\t\t\t<\/div>\n\t\t\t\t\t\t<div class=\"eael-feature-list-content-box\">\n                            <h4 class=\"eael-feature-list-title\">La gestion des sous-sites<\/h4>\t\t\t\t\t\t<p class=\"eael-feature-list-content\"><ul>\n<li>Ajout.<\/li>\n<li>Modification.<\/li>\n<li>Suppression.<\/li>\n<\/ul><\/p>\n\t\t\t\t\t\t<\/div>\n\n\t\t\t\t\t<\/li>\n\t\t\t\t                <li class=\"eael-feature-list-item elementor-repeater-item-7589d24\">\n                    \n\t\t\t\t\t\t<div class=\"eael-feature-list-icon-box\">\n\t\t\t\t\t\t\t<div class=\"eael-feature-list-icon-inner\">\n\n\t\t\t\t\t\t\t\t<span class=\"eael-feature-list-icon fl-icon-2\">\n\n\t\t<i class=\"fa fa-check\" aria-hidden=\"true\"><\/i>\t\t\t\t\t\t\t\t<\/span>\n\t\t\t\t\t\t\t<\/div>\n\t\t\t\t\t\t<\/div>\n\t\t\t\t\t\t<div class=\"eael-feature-list-content-box\">\n                            <h4 class=\"eael-feature-list-title\">Utilisateurs<\/h4>\t\t\t\t\t\t<p class=\"eael-feature-list-content\"><ul>\n<li>Acc\u00e8s \u00e0 la gestion de TOUS les utilisateurs du multi-sites\n<br \/>(d\u00e9l\u00e9gation \u00e0 faire aux Administrateurs dans \"R\u00e9glages\")<\/li>\n<\/ul><\/p>\n\t\t\t\t\t\t<\/div>\n\n\t\t\t\t\t<\/li>\n\t\t\t\t                <li class=\"eael-feature-list-item elementor-repeater-item-ddbaec0\">\n                    \n\t\t\t\t\t\t<div class=\"eael-feature-list-icon-box\">\n\t\t\t\t\t\t\t<div class=\"eael-feature-list-icon-inner\">\n\n\t\t\t\t\t\t\t\t<span class=\"eael-feature-list-icon fl-icon-3\">\n\n\t\t<i class=\"fa fa-check\" aria-hidden=\"true\"><\/i>\t\t\t\t\t\t\t\t<\/span>\n\t\t\t\t\t\t\t<\/div>\n\t\t\t\t\t\t<\/div>\n\t\t\t\t\t\t<div class=\"eael-feature-list-content-box\">\n                            <h4 class=\"eael-feature-list-title\">Th\u00e8mes et Extensions<\/h4>\t\t\t\t\t\t<p class=\"eael-feature-list-content\"><ul>\n<li>Gestion compl\u00e8te des th\u00e8mes du r\u00e9seau.<\/li>\n<li>Gestion compl\u00e8te des extensions du r\u00e9seau.<\/li><\/p>\n\t\t\t\t\t\t<\/div>\n\n\t\t\t\t\t<\/li>\n\t\t\t\t                <li class=\"eael-feature-list-item elementor-repeater-item-d78310e\">\n                    \n\t\t\t\t\t\t<div class=\"eael-feature-list-icon-box\">\n\t\t\t\t\t\t\t<div class=\"eael-feature-list-icon-inner\">\n\n\t\t\t\t\t\t\t\t<span class=\"eael-feature-list-icon fl-icon-4\">\n\n\t\t<i class=\"fa fa-plus\" aria-hidden=\"true\"><\/i>\t\t\t\t\t\t\t\t<\/span>\n\t\t\t\t\t\t\t<\/div>\n\t\t\t\t\t\t<\/div>\n\t\t\t\t\t\t<div class=\"eael-feature-list-content-box\">\n                            <h4 class=\"eael-feature-list-title\">R\u00e9glages<\/h4>\t\t\t\t\t\t<p class=\"eael-feature-list-content\"><ul>\n<li>Quelques choix \u00e0 faire pour le r\u00e9seau de sites.<\/li>\n<li>R\u00e9glages pour certains plugin, comme <b>SSL<\/b> ou <b>Confidentialit\u00e9<\/b><\/li>\n<\/ul><\/p>\n\t\t\t\t\t\t<\/div>\n\n\t\t\t\t\t<\/li>\n\t\t\t\t                <li class=\"eael-feature-list-item elementor-repeater-item-c45d962\">\n                    \n\t\t\t\t\t\t<div class=\"eael-feature-list-icon-box\">\n\t\t\t\t\t\t\t<div class=\"eael-feature-list-icon-inner\">\n\n\t\t\t\t\t\t\t\t<span class=\"eael-feature-list-icon fl-icon-5\">\n\n\t\t<i class=\"fa fa-plus\" aria-hidden=\"true\"><\/i>\t\t\t\t\t\t\t\t<\/span>\n\t\t\t\t\t\t\t<\/div>\n\t\t\t\t\t\t<\/div>\n\t\t\t\t\t\t<div class=\"eael-feature-list-content-box\">\n                            <h4 class=\"eael-feature-list-title\">Divers Plugins du r\u00e9seau<\/h4>\t\t\t\t\t\t<p class=\"eael-feature-list-content\"><ul>\n<li>R\u00e9glages g\u00e9n\u00e9raux de certains plugins, comme <b>Yoast SEO<\/b>.<\/li>\n<li>Plugins enti\u00e8rement r\u00e9serv\u00e9s au SuperAdmin, comme <b>WordFence<\/b> (s\u00e9curit\u00e9) ou <b>BackWPup<\/b> (sauvegardes).<\/p>\n\t\t\t\t\t\t<\/div>\n\n\t\t\t\t\t<\/li>\n\t\t\t\t\t\t\t<\/ul>\n\t\t<\/div>\n\t\t\t\t\t\t<\/div>\n\t\t\t\t<\/div>\n\t\t\t\t\t<\/div>\n\t\t<\/div>\n\t\t\t\t\t<\/div>\n\t\t<\/section>\n\t\t\t\t<\/div>\n\t\t","protected":false},"excerpt":{"rendered":"<p>Les mises \u00e0 jour&lt;\/h4 &gt; Les mises \u00e0 jour de WordPress. Les mises \u00e0 jour des th\u00e8mes et extensions. La propagation de ces mises \u00e0 jour dans le r\u00e9seau. La gestion des sous-sites&lt;\/h4 &gt; Ajout. Modification. Suppression. Utilisateurs&lt;\/h4 &gt; Acc\u00e8s<\/p>\n","protected":false},"author":1,"featured_media":0,"parent":750,"menu_order":0,"comment_status":"closed","ping_status":"closed","template":"","meta":{"footnotes":""},"class_list":["post-767","page","type-page","status-publish","hentry"],"yoast_head":"<!-- This site is optimized with the Yoast SEO plugin v27.4 - https:\/\/yoast.com\/product\/yoast-seo-wordpress\/ -->\n<title>Le SuperAdmin, il fait quoi ? - WPLUSS<\/title>\n<meta name=\"robots\" content=\"index, follow, max-snippet:-1, max-image-preview:large, max-video-preview:-1\" \/>\n<link rel=\"canonical\" href=\"https:\/\/www.philix.be\/luss\/cours-administrateurs\/roles-et-acces\/le-superadmin\/\" \/>\n<meta property=\"og:locale\" content=\"fr_FR\" \/>\n<meta property=\"og:type\" content=\"article\" \/>\n<meta property=\"og:title\" content=\"Le SuperAdmin, il fait quoi ? - WPLUSS\" \/>\n<meta property=\"og:description\" content=\"Les mises \u00e0 jour&lt;\/h4 &gt; Les mises \u00e0 jour de WordPress. Les mises \u00e0 jour des th\u00e8mes et extensions. La propagation de ces mises \u00e0 jour dans le r\u00e9seau. La gestion des sous-sites&lt;\/h4 &gt; Ajout. Modification. Suppression. Utilisateurs&lt;\/h4 &gt; Acc\u00e8s\" \/>\n<meta property=\"og:url\" content=\"https:\/\/www.philix.be\/luss\/cours-administrateurs\/roles-et-acces\/le-superadmin\/\" \/>\n<meta property=\"og:site_name\" content=\"WPLUSS\" \/>\n<meta property=\"article:modified_time\" content=\"2019-08-08T09:16:36+00:00\" \/>\n<meta property=\"og:image\" content=\"https:\/\/www.philix.be\/luss\/wp-content\/uploads\/sites\/3\/2019\/04\/tableauBordAdminReseau.png\" \/>\n<meta name=\"twitter:card\" content=\"summary_large_image\" \/>\n<meta name=\"twitter:label1\" content=\"Dur\u00e9e de lecture estim\u00e9e\" \/>\n\t<meta name=\"twitter:data1\" content=\"1 minute\" \/>\n<script type=\"application\/ld+json\" class=\"yoast-schema-graph\">{\"@context\":\"https:\\\/\\\/schema.org\",\"@graph\":[{\"@type\":\"WebPage\",\"@id\":\"https:\\\/\\\/www.philix.be\\\/luss\\\/cours-administrateurs\\\/roles-et-acces\\\/le-superadmin\\\/\",\"url\":\"https:\\\/\\\/www.philix.be\\\/luss\\\/cours-administrateurs\\\/roles-et-acces\\\/le-superadmin\\\/\",\"name\":\"Le SuperAdmin, il fait quoi ? - WPLUSS\",\"isPartOf\":{\"@id\":\"https:\\\/\\\/www.philix.be\\\/luss\\\/#website\"},\"primaryImageOfPage\":{\"@id\":\"https:\\\/\\\/www.philix.be\\\/luss\\\/cours-administrateurs\\\/roles-et-acces\\\/le-superadmin\\\/#primaryimage\"},\"image\":{\"@id\":\"https:\\\/\\\/www.philix.be\\\/luss\\\/cours-administrateurs\\\/roles-et-acces\\\/le-superadmin\\\/#primaryimage\"},\"thumbnailUrl\":\"https:\\\/\\\/www.philix.be\\\/luss\\\/wp-content\\\/uploads\\\/sites\\\/3\\\/2019\\\/04\\\/tableauBordAdminReseau.png\",\"datePublished\":\"2019-04-30T18:27:03+00:00\",\"dateModified\":\"2019-08-08T09:16:36+00:00\",\"breadcrumb\":{\"@id\":\"https:\\\/\\\/www.philix.be\\\/luss\\\/cours-administrateurs\\\/roles-et-acces\\\/le-superadmin\\\/#breadcrumb\"},\"inLanguage\":\"fr-FR\",\"potentialAction\":[{\"@type\":\"ReadAction\",\"target\":[\"https:\\\/\\\/www.philix.be\\\/luss\\\/cours-administrateurs\\\/roles-et-acces\\\/le-superadmin\\\/\"]}]},{\"@type\":\"ImageObject\",\"inLanguage\":\"fr-FR\",\"@id\":\"https:\\\/\\\/www.philix.be\\\/luss\\\/cours-administrateurs\\\/roles-et-acces\\\/le-superadmin\\\/#primaryimage\",\"url\":\"https:\\\/\\\/www.philix.be\\\/luss\\\/wp-content\\\/uploads\\\/sites\\\/3\\\/2019\\\/04\\\/tableauBordAdminReseau.png\",\"contentUrl\":\"https:\\\/\\\/www.philix.be\\\/luss\\\/wp-content\\\/uploads\\\/sites\\\/3\\\/2019\\\/04\\\/tableauBordAdminReseau.png\",\"width\":161,\"height\":513},{\"@type\":\"BreadcrumbList\",\"@id\":\"https:\\\/\\\/www.philix.be\\\/luss\\\/cours-administrateurs\\\/roles-et-acces\\\/le-superadmin\\\/#breadcrumb\",\"itemListElement\":[{\"@type\":\"ListItem\",\"position\":1,\"name\":\"Cours administrateurs\",\"item\":\"https:\\\/\\\/www.philix.be\\\/luss\\\/cours-administrateurs\\\/\"},{\"@type\":\"ListItem\",\"position\":2,\"name\":\"R\u00f4les et acc\u00e8s des utilisateurs\",\"item\":\"https:\\\/\\\/www.philix.be\\\/luss\\\/cours-administrateurs\\\/roles-et-acces\\\/\"},{\"@type\":\"ListItem\",\"position\":3,\"name\":\"Le SuperAdmin, il fait quoi ?\"}]},{\"@type\":\"WebSite\",\"@id\":\"https:\\\/\\\/www.philix.be\\\/luss\\\/#website\",\"url\":\"https:\\\/\\\/www.philix.be\\\/luss\\\/\",\"name\":\"WPLUSS\",\"description\":\"Les sites de Ph\u00a1l\u00a1x\",\"publisher\":{\"@id\":\"https:\\\/\\\/www.philix.be\\\/luss\\\/#organization\"},\"potentialAction\":[{\"@type\":\"SearchAction\",\"target\":{\"@type\":\"EntryPoint\",\"urlTemplate\":\"https:\\\/\\\/www.philix.be\\\/luss\\\/?s={search_term_string}\"},\"query-input\":{\"@type\":\"PropertyValueSpecification\",\"valueRequired\":true,\"valueName\":\"search_term_string\"}}],\"inLanguage\":\"fr-FR\"},{\"@type\":\"Organization\",\"@id\":\"https:\\\/\\\/www.philix.be\\\/luss\\\/#organization\",\"name\":\"WPLUSS\",\"url\":\"https:\\\/\\\/www.philix.be\\\/luss\\\/\",\"logo\":{\"@type\":\"ImageObject\",\"inLanguage\":\"fr-FR\",\"@id\":\"https:\\\/\\\/www.philix.be\\\/luss\\\/#\\\/schema\\\/logo\\\/image\\\/\",\"url\":\"https:\\\/\\\/www.philix.be\\\/luss\\\/wp-content\\\/uploads\\\/sites\\\/3\\\/2017\\\/03\\\/cropped-wordpress-1415678_960_720-e1489930624872-1.png\",\"contentUrl\":\"https:\\\/\\\/www.philix.be\\\/luss\\\/wp-content\\\/uploads\\\/sites\\\/3\\\/2017\\\/03\\\/cropped-wordpress-1415678_960_720-e1489930624872-1.png\",\"width\":100,\"height\":100,\"caption\":\"WPLUSS\"},\"image\":{\"@id\":\"https:\\\/\\\/www.philix.be\\\/luss\\\/#\\\/schema\\\/logo\\\/image\\\/\"}}]}<\/script>\n<!-- \/ Yoast SEO plugin. -->","yoast_head_json":{"title":"Le SuperAdmin, il fait quoi ? - WPLUSS","robots":{"index":"index","follow":"follow","max-snippet":"max-snippet:-1","max-image-preview":"max-image-preview:large","max-video-preview":"max-video-preview:-1"},"canonical":"https:\/\/www.philix.be\/luss\/cours-administrateurs\/roles-et-acces\/le-superadmin\/","og_locale":"fr_FR","og_type":"article","og_title":"Le SuperAdmin, il fait quoi ? - WPLUSS","og_description":"Les mises \u00e0 jour&lt;\/h4 &gt; Les mises \u00e0 jour de WordPress. Les mises \u00e0 jour des th\u00e8mes et extensions. La propagation de ces mises \u00e0 jour dans le r\u00e9seau. La gestion des sous-sites&lt;\/h4 &gt; Ajout. Modification. Suppression. Utilisateurs&lt;\/h4 &gt; Acc\u00e8s","og_url":"https:\/\/www.philix.be\/luss\/cours-administrateurs\/roles-et-acces\/le-superadmin\/","og_site_name":"WPLUSS","article_modified_time":"2019-08-08T09:16:36+00:00","og_image":[{"url":"https:\/\/www.philix.be\/luss\/wp-content\/uploads\/sites\/3\/2019\/04\/tableauBordAdminReseau.png","type":"","width":"","height":""}],"twitter_card":"summary_large_image","twitter_misc":{"Dur\u00e9e de lecture estim\u00e9e":"1 minute"},"schema":{"@context":"https:\/\/schema.org","@graph":[{"@type":"WebPage","@id":"https:\/\/www.philix.be\/luss\/cours-administrateurs\/roles-et-acces\/le-superadmin\/","url":"https:\/\/www.philix.be\/luss\/cours-administrateurs\/roles-et-acces\/le-superadmin\/","name":"Le SuperAdmin, il fait quoi ? - WPLUSS","isPartOf":{"@id":"https:\/\/www.philix.be\/luss\/#website"},"primaryImageOfPage":{"@id":"https:\/\/www.philix.be\/luss\/cours-administrateurs\/roles-et-acces\/le-superadmin\/#primaryimage"},"image":{"@id":"https:\/\/www.philix.be\/luss\/cours-administrateurs\/roles-et-acces\/le-superadmin\/#primaryimage"},"thumbnailUrl":"https:\/\/www.philix.be\/luss\/wp-content\/uploads\/sites\/3\/2019\/04\/tableauBordAdminReseau.png","datePublished":"2019-04-30T18:27:03+00:00","dateModified":"2019-08-08T09:16:36+00:00","breadcrumb":{"@id":"https:\/\/www.philix.be\/luss\/cours-administrateurs\/roles-et-acces\/le-superadmin\/#breadcrumb"},"inLanguage":"fr-FR","potentialAction":[{"@type":"ReadAction","target":["https:\/\/www.philix.be\/luss\/cours-administrateurs\/roles-et-acces\/le-superadmin\/"]}]},{"@type":"ImageObject","inLanguage":"fr-FR","@id":"https:\/\/www.philix.be\/luss\/cours-administrateurs\/roles-et-acces\/le-superadmin\/#primaryimage","url":"https:\/\/www.philix.be\/luss\/wp-content\/uploads\/sites\/3\/2019\/04\/tableauBordAdminReseau.png","contentUrl":"https:\/\/www.philix.be\/luss\/wp-content\/uploads\/sites\/3\/2019\/04\/tableauBordAdminReseau.png","width":161,"height":513},{"@type":"BreadcrumbList","@id":"https:\/\/www.philix.be\/luss\/cours-administrateurs\/roles-et-acces\/le-superadmin\/#breadcrumb","itemListElement":[{"@type":"ListItem","position":1,"name":"Cours administrateurs","item":"https:\/\/www.philix.be\/luss\/cours-administrateurs\/"},{"@type":"ListItem","position":2,"name":"R\u00f4les et acc\u00e8s des utilisateurs","item":"https:\/\/www.philix.be\/luss\/cours-administrateurs\/roles-et-acces\/"},{"@type":"ListItem","position":3,"name":"Le SuperAdmin, il fait quoi ?"}]},{"@type":"WebSite","@id":"https:\/\/www.philix.be\/luss\/#website","url":"https:\/\/www.philix.be\/luss\/","name":"WPLUSS","description":"Les sites de Ph\u00a1l\u00a1x","publisher":{"@id":"https:\/\/www.philix.be\/luss\/#organization"},"potentialAction":[{"@type":"SearchAction","target":{"@type":"EntryPoint","urlTemplate":"https:\/\/www.philix.be\/luss\/?s={search_term_string}"},"query-input":{"@type":"PropertyValueSpecification","valueRequired":true,"valueName":"search_term_string"}}],"inLanguage":"fr-FR"},{"@type":"Organization","@id":"https:\/\/www.philix.be\/luss\/#organization","name":"WPLUSS","url":"https:\/\/www.philix.be\/luss\/","logo":{"@type":"ImageObject","inLanguage":"fr-FR","@id":"https:\/\/www.philix.be\/luss\/#\/schema\/logo\/image\/","url":"https:\/\/www.philix.be\/luss\/wp-content\/uploads\/sites\/3\/2017\/03\/cropped-wordpress-1415678_960_720-e1489930624872-1.png","contentUrl":"https:\/\/www.philix.be\/luss\/wp-content\/uploads\/sites\/3\/2017\/03\/cropped-wordpress-1415678_960_720-e1489930624872-1.png","width":100,"height":100,"caption":"WPLUSS"},"image":{"@id":"https:\/\/www.philix.be\/luss\/#\/schema\/logo\/image\/"}}]}},"_links":{"self":[{"href":"https:\/\/www.philix.be\/luss\/wp-json\/wp\/v2\/pages\/767","targetHints":{"allow":["GET"]}}],"collection":[{"href":"https:\/\/www.philix.be\/luss\/wp-json\/wp\/v2\/pages"}],"about":[{"href":"https:\/\/www.philix.be\/luss\/wp-json\/wp\/v2\/types\/page"}],"author":[{"embeddable":true,"href":"https:\/\/www.philix.be\/luss\/wp-json\/wp\/v2\/users\/1"}],"replies":[{"embeddable":true,"href":"https:\/\/www.philix.be\/luss\/wp-json\/wp\/v2\/comments?post=767"}],"version-history":[{"count":0,"href":"https:\/\/www.philix.be\/luss\/wp-json\/wp\/v2\/pages\/767\/revisions"}],"up":[{"embeddable":true,"href":"https:\/\/www.philix.be\/luss\/wp-json\/wp\/v2\/pages\/750"}],"wp:attachment":[{"href":"https:\/\/www.philix.be\/luss\/wp-json\/wp\/v2\/media?parent=767"}],"curies":[{"name":"wp","href":"https:\/\/api.w.org\/{rel}","templated":true}]}}